alse
Is 1178152115 a multiple of 980?
False
Does 8 divide 10423320?
True
Is 589990413 a multiple of 551?
True
Does 37 divide 318883565?
False
Is 1570 a factor of 152414030?
True
Does 44 divide 12506371?
False
Is 1034904076 a multiple of 1229?
False
Is 7 a factor of 623932148?
True
Is 27232 a multiple of 368?
True
Does 615 divide 783037065?
True
Does 13 divide 94099304?
True
Does 65 divide 26538743?
False
Does 5 divide 274036911?
False
Is 2273 a factor of 54814755?
False
Is 93810600 a multiple of 780?
True
Is 298683972 a multiple of 2156?
False
Does 4 divide 32995240?
True
Is 46321868 a multiple of 4?
True
Is 18 a factor of 23349996?
True
Is 756 a factor of 796355280?
True
Is 165861454 a multiple of 4?
False
Is 15 a factor of 18329426?
False
Does 1035 divide 753385?
False
Is 776 a factor of 9712416?
True
Is 25119184 a multiple of 1091?
True
Is 2335297293 a multiple of 281?
False
Is 28530609 a multiple of 271?
True
Is 34817272 a multiple of 133?
True
Is 12 a factor of 4114544?
False
Does 222 divide 2254463979?
False
Is 52686368 a multiple of 16?
True
Is 122 a factor of 98023218?
True
Is 3015398591 a multiple of 159?
False
Is 76154265 a multiple of 55?
True
Is 26 a factor of 694468942?
False
Does 5 divide 38961585?
True
Is 1334229084 a multiple of 324?
True
Is 11359008 a multiple of 16?
True
Is 13199097 a multiple of 16?
False
Does 16 divide 10540240?
True
Does 17 divide 2764659?
True
Is 28007574 a multiple of 1687?
True
Is 96 a factor of 5119872?
True
Is 249 a factor of 66028801?
False
Does 69 divide 439399706?
False
Is 11430375 a multiple of 165?
True
Is 102 a factor of 20688536?
False
Is 24352181 a multiple of 660?
False
Does 17 divide 34363045?
False
Does 1052 divide 7834244?
True
Does 18 divide 740151572?
False
Does 4 divide 15763255?
False
Is 25 a factor of 2636240012?
False
Is 478000233 a multiple of 19?
True
Is 7385980796 a multiple of 10357?
False
Is 253943893 a multiple of 131?
True
Is 5 a factor of 72452750?
True
Is 7 a factor of 16682811?
False
Is 6966 a factor of 874239966?
True
Does 1144 divide 242745360?
True
Is 65106300 a multiple of 516?
True
Does 2846 divide 194065894?
True
Does 1264 divide 7569542590?
False
Does 121 divide 980392660?
False
Does 139 divide 129863076?
False
Is 182924957 a multiple of 827?
True
Is 538104709 a multiple of 2918?
False
Is 63442665 a multiple of 39?
True
Is 622378221 a multiple of 37?
True
Is 88975233 a multiple of 753?
True
Is 58 a factor of 28707274?
True
Does 20 divide 1003368340?
True
Is 1821006830 a multiple of 23?
True
Is 28114048 a multiple of 8?
True
Does 654 divide 125027624?
False
Is 2427 a factor of 1462832459?
False
Is 25275174 a multiple of 432?
False
Is 107 a factor of 39469732?
True
Is 1602 a factor of 85817994?
False
Does 3569 divide 1745340932?
True
Is 593 a factor of 25734421?
True
Is 510636931 a multiple of 2271?
False
Is 304 a factor of 103547872?
True
Is 14 a factor of 194172714?
False
Does 88 divide 84853336?
False
Is 10580 a factor of 7963766067?
False
Is 633 a factor of 3766350?
True
Does 23 divide 551717560?
True
Does 11 divide 218868857?
False
Is 1178318256 a multiple of 87?
True
Is 68235863 a multiple of 30?
False
Does 29 divide 122448110?
False
Is 1670407136 a multiple of 81?
False
Does 14 divide 224452963?
False
Is 3 a factor of 102322869?
True
Is 672435403 a multiple of 35?
False
Is 342 a factor of 6647315?
False
Is 84428528 a multiple of 17?
True
Is 11 a factor of 6775308?
False
Does 4 divide 15948160?
True
Does 1446 divide 2072439868?
False
Is 82 a factor of 8276067?
False
Is 3614920075 a multiple of 894?
False
Does 4378 divide 879087779?
False
Does 138 divide 47024733?
False
Does 154 divide 6756333064?
False
Does 4310 divide 240454900?
True
Is 179954946 a multiple of 4671?
True
Is 111599846 a multiple of 3?
False
Is 58 a factor of 5110796?
False
Is 69 a factor of 97908309?
True
Is 32483912 a multiple of 212?
True
Does 33 divide 1194775428?
True
Is 50 a factor of 375749200?
True
Does 30 divide 564678810?
True
Is 18670902 a multiple of 606?
False
Is 927 a factor of 100659222?
True
Does 161 divide 146173208?
False
Is 78004576 a multiple of 26?
True
Is 87416154 a multiple of 126?
True
Is 52207903 a multiple of 554?
False
Is 560648250 a multiple of 10?
True
Does 518 divide 518297255?
False
Is 698 a factor of 117652628?
False
Is 676910511 a multiple of 19?
True
Does 2774 divide 1231656?
True
Does 82 divide 43567912?
True
Is 2365 a factor of 261822055?
True
Is 44 a factor of 801957901?
False
Is 152931808 a multiple of 4?
True
Is 13914575 a multiple of 1350?
False
Does 40 divide 24335136?
False
Does 2 divide 321143912?
True
Does 23 divide 293029527?
False
Is 1450176048 a multiple of 12?
True
Is 32152197 a multiple of 33?
True
Is 67 a factor of 61656098?
False
Is 509 a factor of 40826315?
False
Does 19 divide 5488283?
True
Is 3 a factor of 51629715?
True
Is 145263825 a multiple of 149?
True
Does 13 divide 424379657?
True
Is 180797550 a multiple of 662?
False
Does 160 divide 2921580640?
True
Is 153663435 a multiple of 7?
False
Is 40 a factor of 1517182450?
False
Does 1144 divide 1371980874?
False
Does 14 divide 10257394?
True
Is 79376917 a multiple of 2174?
False
Is 545 a factor of 11577980?
True
Is 38940478 a multiple of 113?
True
Does 396 divide 83536369?
False
Is 1962 a factor of 1208075994?
True
Is 2815382216 a multiple of 1964?
True
Does 5 divide 33323647?
False
Is 59634587 a multiple of 83?
True
Is 145 a factor of 2605029980?
True
Is 39 a factor of 167678420?
False
Is 931712440 a multiple of 106?
True
Is 559532 even?
True
Is 179 a factor of 11351464?
True
Is 4350746328 a multiple of 47?
False
Is 9766080 a multiple of 360?
True
Is 17621525 a multiple of 17?
False
Is 167412896 a multiple of 20?
False
Is 2277290759 a multiple of 62?
False
Is 12 a factor of 897168?
True
Is 30 a factor of 6447892?
False
Is 113 a factor of 22471992?
False
Does 111 divide 432098580?
True
Does 10 divide 95280170?
True
Is 117867197 a multiple of 5257?
True
Does 12 divide 17491695?
False
Does 449 divide 12044148?
False
Is 1548 a factor of 194281740?
True
Is 169 a factor of 19093430?
False
Is 29 a factor of 1056143597?
False
Is 1861 a factor of 16585232?
True
Is 70662826 a multiple of 13?
True
Does 3 divide 122846526?
True
Is 38666844 a multiple of 401?
False
Is 26318801 a multiple of 256?
False
Is 28 a factor of 13456268?
True
Does 66 divide 876377928?
False
Is 40738075 a multiple of 271?
True
Does 7795 divide 1082570979?
False
Is 401 a factor of 160927768?
False
Does 601 divide 4258138?
False
Is 446 a factor of 11322156?
True
Is 734284733 a multiple of 13?
True
Is 43 a factor of 98629315?
True
Is 191 a factor of 2772748?
False
Is 68704655 a multiple of 5?
True
Is 16232651 a multiple of 248?
False
Is 98 a factor of 41038229?
False
Does 27 divide 156097125?
True
Is 97 a factor of 926303?
False
Is 1691 a factor of 408038322?
False
Does 1397 divide 2126165547?
True
Is 17 a factor of 227158454?
True
Is 511948799 a multiple of 671?
False
Is 239060 a multiple of 1582?
False
Is 2840 a factor of 1110065120?
True
Is 942982 a multiple of 49?
False
Is 16 a factor of 99016816?
True
Is 31 a factor of 1054100401?
False
Does 148 divide 92672420?
True
Is 6 a factor of 94363621?
False
Does 5 divide 27306431?
False
Is 65 a factor of 480779239?
False
Is 1241 a factor of 162341415?
True
Is 34430728 a multiple of 936?
False
Does 222 divide 3600840?
True
Is 991 a factor of 17709003?
False
Is 2262388476 a multiple of 257?
True
Is 40832784 a multiple of 72?
True
Does 367 divide 21309488?
True
Is 250 a factor of 25494500?
True
Does 147 divide 715569802?
False
Is 1397959723 a multiple of 162?
False
Does 43 divide 118543260?
True
Does 1206 divide 1864288591?
False
Does 10 divide 16621980?
True
Is 90871205 a multiple of 11?
False
Is 2695 a factor of 203392702?
False
Does 289 divide 98934237?
True
Is 237 a factor of 1052280?
True
Is 1612361 even?
False
Is 682863939 a multiple of 582?
False
Is 2681206 a multiple of 187?
True
Does 235 divide 970759684?
False
Is 212064000 a multiple of 940?
True
Is 2305688 a multiple of 76?
True
Does 25 divide 396282525?
True
Is 57 a factor of 23184755?
False
Is 121 a factor of 498079618?
False
Is 11 a factor of 15954532?
True
Is 5504976 a multiple of 653?
False
Does 27 divide 664234398?
True